{"id":17,"date":"2020-02-16T16:05:52","date_gmt":"2020-02-16T16:05:52","guid":{"rendered":"http:\/\/freimaurerinnen-berlin.org\/?page_id=17"},"modified":"2023-10-29T16:25:31","modified_gmt":"2023-10-29T16:25:31","slug":"wie-wird-frau-freimaurerin","status":"publish","type":"page","link":"http:\/\/freimaurerinnen-berlin.org\/?page_id=17","title":{"rendered":"Wie wird frau Freimaurerin?"},"content":{"rendered":"\n<p><em>Wir lernen, solange wir leben.<\/em><\/p>\n\n\n\n<p>Jede um Selbsterkenntnis bem\u00fchte Frau, die sich mit den freimaurerischen Werten identifiziert, die bereit ist, sich in der Loge einzubringen, und die den inneren Wunsch versp\u00fcrt, mit Geduld und Energie an sich zu arbeiten, kann Freimaurerin werden. <\/p>\n\n\n\n<p>Der erste Schritt ist der unverbindliche Besuch unserer G\u00e4steabende, die einmal im Monat stattfinden. Termine und Themen finden Sie auf der Seite ZUK\u00dcNFTIGES. Durch den Besuch der G\u00e4steabende erhalten Sie einen ersten Einblick in die Themen, die uns besch\u00e4ftigen und die Art, wie wir miteinander umgehen. Wir lernen uns kennen.<\/p>\n\n\n\n<p>Haben Sie nach einiger Zeit des regelm\u00e4\u00dfigen Besuchs der G\u00e4steabende den Wunsch entwickelt, Mitglied unserer Loge zu werden, wenden Sie sich an eine Schwester Ihres Vertrauens und stellen einen Aufnahmeantrag. \u00dcber eine Aufnahme entscheiden alle Schwestern unserer Loge STERN ZUR FREIHEIT gemeinsam. <\/p>\n\n\n\n\n\n<p><\/p>\n","protected":false},"excerpt":{"rendered":"<p>Wir lernen, solange wir leben. Jede um Selbsterkenntnis bem\u00fchte Frau, die sich mit den freimaurerischen Werten identifiziert, die bereit ist,&hellip;<\/p>\n","protected":false},"author":1,"featured_media":0,"parent":0,"menu_order":0,"comment_status":"closed","ping_status":"closed","template":"","meta":{"footnotes":""},"_links":{"self":[{"href":"http:\/\/freimaurerinnen-berlin.org\/index.php?rest_route=\/wp\/v2\/pages\/17"}],"collection":[{"href":"http:\/\/freimaurerinnen-berlin.org\/index.php?rest_route=\/wp\/v2\/pages"}],"about":[{"href":"http:\/\/freimaurerinnen-berlin.org\/index.php?rest_route=\/wp\/v2\/types\/page"}],"author":[{"embeddable":true,"href":"http:\/\/freimaurerinnen-berlin.org\/index.php?rest_route=\/wp\/v2\/users\/1"}],"replies":[{"embeddable":true,"href":"http:\/\/freimaurerinnen-berlin.org\/index.php?rest_route=%2Fwp%2Fv2%2Fcomments&post=17"}],"version-history":[{"count":7,"href":"http:\/\/freimaurerinnen-berlin.org\/index.php?rest_route=\/wp\/v2\/pages\/17\/revisions"}],"predecessor-version":[{"id":170,"href":"http:\/\/freimaurerinnen-berlin.org\/index.php?rest_route=\/wp\/v2\/pages\/17\/revisions\/170"}],"wp:attachment":[{"href":"http:\/\/freimaurerinnen-berlin.org\/index.php?rest_route=%2Fwp%2Fv2%2Fmedia&parent=17"}],"curies":[{"name":"wp","href":"https:\/\/api.w.org\/{rel}","templated":true}]}}