{"id":33,"date":"2020-02-16T16:59:05","date_gmt":"2020-02-16T16:59:05","guid":{"rendered":"http:\/\/freimaurerinnen-berlin.org\/?page_id=33"},"modified":"2026-03-08T19:44:08","modified_gmt":"2026-03-08T19:44:08","slug":"vergangenes","status":"publish","type":"page","link":"http:\/\/freimaurerinnen-berlin.org\/?page_id=33","title":{"rendered":"Vergangenes"},"content":{"rendered":"\n<p>G\u00e4steabend am 06.03.2026:<br>Thema: Neid<br>Vortrag mit anschlie\u00dfendem Gedankenaustausch<br>Uhrzeit: 19 &#8211; 21 Uhr<\/p>\n\n\n\n<p>G\u00e4steabend am 06.02.2026:<br>Thema: Wechselgespr\u00e4ch &#8222;Was ist Freimaurerei?&#8220;<br>Vortrag mit anschlie\u00dfendem Gedankenaustausch<br>Uhrzeit: 19 &#8211; 21 Uhr<\/p>\n\n\n\n<p>G\u00e4steabend am 16.01.2026:<br>Thema: Empathie<br>Vortrag mit anschlie\u00dfendem Gedankenaustausch<br>Uhrzeit: 19 &#8211; 21 Uhr<\/p>\n\n\n\n<p>G\u00e4steabend am 12.12.2025:<br>Thema: Weihnachtliches Beisammensein &#8211; Julklapp<br>Uhrzeit: 19 &#8211; 21 Uhr<\/p>\n\n\n\n<p>G\u00e4steabend am 07.11.2025:<br>Thema: Macht und Ohnmacht<br>Vortrag mit anschlie\u00dfendem Gedankenaustausch<br>Uhrzeit: 19 &#8211; 21 Uhr<\/p>\n\n\n\n<p>G\u00e4steabend am 17.10.2025:<br>Thema: Gemeinschaft<br>Vortrag mit anschlie\u00dfendem Gedankenaustausch<br>Uhrzeit: 19 &#8211; 21 Uhr<\/p>\n\n\n\n<p>Tag des offenen Denkmals am 13.+14.09.2025 von 10-18 Uhr:                                       Das Logenhaus in der Peter-Lenn\u00e9-Stra\u00dfe hat seine T\u00fcren f\u00fcr externe G\u00e4ste ge\u00f6ffnet. Zahlreiche F\u00fchrungen und Vortr\u00e4ge haben dort an diesem Tag stattgefunden. \u00dcber das gro\u00dfe Interesse und die vielen guten und intensiven Gespr\u00e4che haben wir uns sehr gefreut!<\/p>\n\n\n\n<p>G\u00e4steabend am 06.06.2025:<br>Thema: Wechselgespr\u00e4ch &#8222;Was ist Freimaurerei?&#8220;<br>Vortrag mit anschlie\u00dfendem Gedankenaustausch<br>Uhrzeit: 19 &#8211; 21 Uhr<\/p>\n\n\n\n<p>G\u00e4steabend am 11.04.2025:<br>Thema: Demut<br>Vortrag mit anschlie\u00dfendem Gedankenaustausch<br>Uhrzeit: 19 &#8211; 21 Uhr<\/p>\n\n\n\n<p>G\u00e4steabend am 07.03.2025:<br>Thema: Mut<br>Vortrag mit anschlie\u00dfendem Gedankenaustausch<br>Uhrzeit: 19 &#8211; 21 Uhr<\/p>\n\n\n\n<p>G\u00e4steabend am 07.02.2025:<br>Thema: Aufbruch<br>Vortrag mit anschlie\u00dfendem Gedankenaustausch<br>Uhrzeit: 19 &#8211; 21 Uhr<\/p>\n\n\n\n<p>G\u00e4steabend am 10.01.2025:<br>Thema: Freiheit<br>Vortrag mit anschlie\u00dfendem Gedankenaustausch<br>Uhrzeit: 19 &#8211; 21 Uhr<\/p>\n\n\n\n<p>G\u00e4steabend am 06.12.2024:<br>Thema: Nikolausabend &#8211; Julklapp<br>Vortrag mit anschlie\u00dfendem Gedankenaustausch<br>Uhrzeit: 19 &#8211; 21 Uhr<\/p>\n\n\n\n<p>G\u00e4steabend am 01.11.2024:<br>Thema: Trauerrituale<br>Vortrag mit anschlie\u00dfendem Gedankenaustausch<br>Uhrzeit: 19 &#8211; 21 Uhr<\/p>\n\n\n\n<p>G\u00e4steabend am 11.10.2024:<br>Thema: Feminine Freimaurerei<br>Vortrag mit anschlie\u00dfendem Gedankenaustausch<br>Uhrzeit: 19 &#8211; 21 Uhr<\/p>\n\n\n\n<p>G\u00e4steabend am 07.06.2024:<br>Thema: \u201eErkenne dich selbst\u201c \u2013 Aufkl\u00e4rung \u00fcber Freimaurerei einer (noch) Au\u00dfenstehenden<br>Vortrag mit anschlie\u00dfendem Gedankenaustausch<br>Uhrzeit: 19 &#8211; 21 Uhr<\/p>\n\n\n\n<p>G\u00e4steabend am 03.05.2024:<br>Thema: Wechselgespr\u00e4ch &#8211; Fragen und Antworten zur Freimaurerei<br>Vortrag mit anschlie\u00dfendem Gedankenaustausch<br>Uhrzeit: 19 &#8211; 21 Uhr<\/p>\n\n\n\n<p>G\u00e4steabend am 05.04.2024:<br>Thema: Loslassen<br>Vortrag mit anschlie\u00dfendem Gedankenaustausch<br>Uhrzeit: 19 &#8211; 21 Uhr<\/p>\n\n\n\n<p>G\u00e4steabend am 01.03.2024:<br>Thema: Die Egoismusfalle<br>Vortrag mit anschlie\u00dfendem Gedankenaustausch<br>Uhrzeit: 19 &#8211; 21 Uhr<\/p>\n\n\n\n<p>G\u00e4steabend am 02.02.2024: <br>Thema: Bed\u00fcrfnisse<br>Vortrag mit anschlie\u00dfendem Gedankenaustausch<br>Uhrzeit: 19:00 &#8211; 21:00 Uhr<\/p>\n\n\n\n<p>G\u00e4steabend am 05.01.2024:<br>Thema: Vors\u00e4tze<br>Vortrag mit anschlie\u00dfendem Gedankenaustausch<br>Uhrzeit: 19 &#8211; 21 Uhr<\/p>\n\n\n\n<p>G\u00e4steabend am 01.12.2023:<br>Thema: weihnachtliches Beisammensein<br>Vortrag mit anschlie\u00dfendem Gedankenaustausch<br>Uhrzeit: 19 &#8211; 21 Uhr<\/p>\n\n\n\n<p>G\u00e4steabend am 03.11.2023: <br>Thema: Mozarts Zauberfl\u00f6te und die Freimaurerei<br>Vortrag mit anschlie\u00dfendem Gedankenaustausch<br>Uhrzeit: 19:00 &#8211; 21:00 Uhr<\/p>\n\n\n\n<p><\/p>\n\n\n\n<p><\/p>\n\n\n\n<p><\/p>\n\n\n\n<p><\/p>\n\n\n\n<p><br><\/p>\n","protected":false},"excerpt":{"rendered":"<p>G\u00e4steabend am 06.03.2026:Thema: NeidVortrag mit anschlie\u00dfendem GedankenaustauschUhrzeit: 19 &#8211; 21 Uhr G\u00e4steabend am 06.02.2026:Thema: Wechselgespr\u00e4ch &#8222;Was ist Freimaurerei?&#8220;Vortrag mit anschlie\u00dfendem&hellip;<\/p>\n","protected":false},"author":1,"featured_media":0,"parent":0,"menu_order":0,"comment_status":"closed","ping_status":"closed","template":"","meta":{"footnotes":""},"_links":{"self":[{"href":"http:\/\/freimaurerinnen-berlin.org\/index.php?rest_route=\/wp\/v2\/pages\/33"}],"collection":[{"href":"http:\/\/freimaurerinnen-berlin.org\/index.php?rest_route=\/wp\/v2\/pages"}],"about":[{"href":"http:\/\/freimaurerinnen-berlin.org\/index.php?rest_route=\/wp\/v2\/types\/page"}],"author":[{"embeddable":true,"href":"http:\/\/freimaurerinnen-berlin.org\/index.php?rest_route=\/wp\/v2\/users\/1"}],"replies":[{"embeddable":true,"href":"http:\/\/freimaurerinnen-berlin.org\/index.php?rest_route=%2Fwp%2Fv2%2Fcomments&post=33"}],"version-history":[{"count":28,"href":"http:\/\/freimaurerinnen-berlin.org\/index.php?rest_route=\/wp\/v2\/pages\/33\/revisions"}],"predecessor-version":[{"id":342,"href":"http:\/\/freimaurerinnen-berlin.org\/index.php?rest_route=\/wp\/v2\/pages\/33\/revisions\/342"}],"wp:attachment":[{"href":"http:\/\/freimaurerinnen-berlin.org\/index.php?rest_route=%2Fwp%2Fv2%2Fmedia&parent=33"}],"curies":[{"name":"wp","href":"https:\/\/api.w.org\/{rel}","templated":true}]}}